) = -4*i + 69. Give m(17).
1
Let m(l) = l**3 + 6*l**2 + 5*l + 6. Determine m(-6).
-24
Let x(v) = -v**2 + 6*v + 27. Give x(9).
0
Let i(r) = r**3 - 9*r**2 - 15*r + 2. What is i(10)?
-48
Let b(i) = i**3 + 16*i**2 + 29*i + 7. What is b(-14)?
-7
Let w(j) = 2*j**3 + 36*j**2 - 40*j - 19. Calculate w(-19).
19
Let f(s) = s**3 + s**2 + 20. Calculate f(0).
20
Let o(v) = -v**2 + 3*v + 3. Give o(4).
-1
Let p(x) = x**2 + 10*x - 6. Determine p(-10).
-6
Let n(a) = 8*a**3 - a**2 + 2*a + 2. Give n(-1).
-9
Let y(z) = z**3 - z**2 + 16. Calculate y(0).
16
Let f(a) = -a**2 + 8*a + 5. Calculate f(9).
-4
Let d(o) = o**3 - 8*o**2 + 5*o + 8. Give d(7).
-6
Let a(h) = -h**2 - 45*h - 396. Give a(-33).
0
Let p(t) = -10*t - 15. Calculate p(-2).
5
Let p(c) = 13*c**2 - 37*c - 3. Determine p(2).
-25
Let c(p) = -77*p + 998. Give c(13).
-3
Let u(l) = l**2 + 5*l + 7. Calculate u(3).
31
Let w(t) = t**3 - 11*t**2 - 14*t. Calculate w(12).
-24
Let n(o) = -o**3 + 3*o**2 + 43*o - 15. Determine n(8).
9
Let l(z) = z**3 + 11*z**2 - 12*z - 1. Determine l(-12).
-1
Let i(d) = -d**2 + 3*d + 8. What is i(6)?
-10
Let f(i) = -i**3 - 51*i**2 - 52*i - 96. Determine f(-50).
4
Let y(p) = -p**3 + 9*p**2 - 5*p - 9. Give y(6).
69
Let j(x) = x**2 + 5*x + 1. Calculate j(-6).
7
Let f(a) = -a**2 + 13*a + 7. What is f(13)?
7
Let t(q) = 14*q - 16. Determine t(3).
26
Let w(o) = -o**3 - 7*o**2 - 7*o + 12. Give w(-6).
18
Let x(l) = l**2 + 2*l - 17. Give x(4).
7
Let k(p) = p**3 - 4*p**2 + 9. What is k(3)?
0
Let i(w) = 54*w + 7. Determine i(-3).
-155
Let j(m) = m**2 + 8*m - 44. Give j(-21).
229
Let h(m) = -m**3 + 6*m**2 + 9*m + 7. Determine h(7).
21
Let t(l) = 2*l**2 - 21*l - 150. What is t(-5)?
5
Let x(a) = a**3 + 36*a**2 + 244*a + 19. Give x(-9).
10
Let s(d) = -9*d**2 + 40*d - 7. What is s(4)?
9
Let w(x) = x**2 - 29*x - 114. Give w(33).
18
Let m(b) = b**3 + 4*b**2 - 4*b - 20. Give m(-4).
-4
Let p(n) = 12*n**2 - 2. Give p(-1).
10
Let u(j) = -90*j + 76. Give u(1).
-14
Let u(n) = 23*n - 263. Determine u(12).
13
Let m(n) = 41*n**2 - n. Determine m(1).
40
Let y(u) = 14*u - 26. Give y(8).
86
Let n(q) = 2*q - 1. What is n(-11)?
-23
Let t(v) = v**3 + 13*v**2 + 29*v - 29. Calculate t(-10).
-19
Let t(d) = d**3 - 9*d**2 + 7*d + 10. Determine t(8).
2
Let y(r) = -r**2 + 28*r + 55. Give y(28).
55
Let j(b) = b**3 - b**2 + b + 2. Give j(-1).
-1
Let w(l) = l**3 + 27*l**2 - 28*l - 41. Calculate w(-28).
-41
Let s(m) = -m**2 + 15*m + 31. What is s(17)?
-3
Let h(z) = z - 9. Determine h(6).
-3
Let v(z) = -14*z - 68. Calculate v(-6).
16
Let x(t) = -t**2 - 7*t - 3. Calculate x(-6).
3
Let x(i) = 12*i + 82. Determine x(-7).
-2
Let n(r) = -10*r + 31. Calculate n(7).
-39
Let u(g) = -4*g**2 + 159*g + 199. What is u(41)?
-6
Let h(q) = -16*q - 115. Give h(-7).
-3
Let j(k) = k**2 - k + 7. Calculate j(3).
13
Let m(p) = p**2 - 6*p + 6. What is m(3)?
-3
Let g(f) = -f**3 + 3*f**2 - f + 9. Calculate g(4).
-11
Let l(t) = -t**2 + 30. What is l(-5)?
5
Let q(r) = -3*r**3 + 5*r**2 + 2*r - 3. What is q(2)?
-3
Let b(s) = 33*s - 169. What is b(5)?
-4
Let c(j) = -3*j**3 - 11*j**2 - 15*j + 6. Give c(-3).
33
Let w(a) = -297*a - 2371. What is w(-8)?
5
Let k(x) = x**2 + 18*x + 1. What is k(-17)?
-16
Let j(o) = 7*o + 135. Calculate j(-20).
-5
Let a(r) = r**3 + 5*r**2 + r + 10. Calculate a(-5).
5
Let d(u) = u**2 - 9*u + 11. Give d(7).
-3
Let x(s) = -s**3 + 10*s**2 - 25*s + 3. Determine x(6).
-3
Let f(o) = -o**3 - 7*o**2 - o - 7. Give f(-7).
0
Let d(y) = -y**2 - 27*y - 84. Give d(-25).
-34
Let h(z) = -10*z**2 + 4*z + 5. Determine h(-2).
-43
Let u(s) = 2*s**2 - 10*s - 19. Give u(7).
9
Let l(c) = c**3 + 35*c**2 + 33*c - 41. Give l(-34).
-7
Let a(s) = s**3 - 13*s**2 - 16*s - 4. Give a(14).
-32
Let y(d) = d**2 - 21*d - 57. Calculate y(23).
-11
Let u(k) = 7*k - 3. Determine u(-2).
-17
Let i(j) = j**3 + 12*j**2 - 29*j - 10. Give i(-14).
4
Let k(h) = 2*h**2 - 10. Determine k(0).
-10
Let p(r) = r**3 - 8*r**2 + 6*r. Calculate p(7).
-7
Let t(z) = z**2 + 17*z + 12. Determine t(-17).
12
Let c(a) = a**2 - 6*a + 5. Give c(7).
12
Let h(b) = -2*b - 11. Calculate h(-10).
9
Let v(m) = 2*m**2 - 9*m - 44. Calculate v(-6).
82
Let c(s) = s**2 - 9*s + 18. Calculate c(4).
-2
Let f(h) = -h**3 - 3*h**2 + 21*h - 5. Determine f(-6).
-23
Let q(s) = -31*s + 5. What is q(-1)?
36
Let g(w) = -3*w**2 - 8*w + 25. What is g(-5)?
-10
Let p(s) = -10*s + 14. Calculate p(-7).
84
Let r(a) = a**2 - 12*a + 35. Give r(8).
3
Let z(u) = -u**3 + 7*u**2 + 17*u - 30. Give z(9).
-39
Let i(o) = 9*o**3 + 2*o**2 - 4*o + 4. Calculate i(2).
76
Let a(b) = 2*b**3 + 11*b**2 - 19*b - 4. Give a(3).
92
Let x(k) = -k**3 + 29*k**2 - 2*k + 49. Give x(29).
-9
Let o(j) = -3*j**3 - j**2 + 2. What is o(2)?
-26
Let f(b) = -b**3 - 14*b**2 + 34*b + 38. Calculate f(-16).
6
Let u(k) = k**3 + 4*k**2 - 9*k + 8. Calculate u(-6).
-10
Let s(a) = -4*a + 1. Determine s(-1).
5
Let t(m) = 2*m + 33. Give t(-15).
3
Let j(k) = 2*k + 20. Determine j(-12).
-4
Let q(i) = i**2 - 13*i + 8. What is q(6)?
-34
Let u(g) = g**2 + 7*g - 9. Calculate u(-8).
-1
Let b(j) = -j**2 + 35*j + 158. Calculate b(39).
2
Let b(o) = 6*o - 16. Determine b(4).
8
Let k(r) = -r**2 - 8*r - 3. What is k(-8)?
-3
Let i(j) = j**3 - 14*j**2 - 91*j - 80. Determine i(19).
-4
Let c(s) = -2*s**2 - s + 2. Give c(-2).
-4
Let v(m) = -7*m - 16. Determine v(-8).
40
Let x(w) = 2*w**2 - w + 6. What is x(3)?
21
Let s(k) = 7*k + 21. What is s(-6)?
-21
Let j(p) = -p**3 + p + 2. Calculate j(3).
-22
Let i(s) = 20*s + 3. Give i(2).
43
Let w(s) = -s + 14. Give w(9).
5
Let u(n) = -n**2 + 9*n - 11. Give u(8).
-3
Let t(w) = 22*w - 46. Determine t(6).
86
Let d(w) = -7*w - 108. What is d(-13)?
-17
Let t(j) = -j**3 + 8*j**2 - 2*j + 10. Determine t(8).
-6
Let z(a) = 2*a**2 + 8*a - 5. What is z(-4)?
-5
Let l(u) = 3*u**3 + 7*u**2 + 5*u - 6. Give l(-4).
-106
Let m(l) = l**2 - 15*l + 17. Determine m(14).
3
Let u(z) = -z**3 - 9*z**2 - 25*z - 9. Calculate u(-3).
12
Let p(n) = -2*n**2 + 59*n + 195. Determine p(-3).
0
Let s(n) = -n**3 - 2*n**2 - n - 15. Calculate s(-3).
-3
Let h(b) = 2*b**2 - 48*b - 1. Give h(24).
-1
Let o(i) = -3*i - 22. What is o(-9)?
5
Let l(w) = 2*w - 10. Give l(3).
-4
Let u(j) = j**2 + 5*j + 7. Determine u(-8).
31
Let y(b) = -b + 6. Calculate y(5).
1
Let d(i) = 25*i - 135. What is d(5)?
-10
Let z(k) = 4*k + 25. Calculate z(10).
65
Let n(r) = 2*r + 32. What is n(-14)?
4
Let h(f) = f**3 - 18*f**2 + 17*f + 2. Calculate h(17).
2
Let w(t) = -27*t + 78. What is w(3)?
-3
Let w(u) = -2*u + 24. Calculate w(-7).
38
Let z(s) = -5*s - 137. Give z(-28).
3
Let s(l) = l**3 + 10*l**2 - 15*l - 27. What is s(-11)?
17
Let x(m) = -3*m**2 - 21*m + 3. Determine x(-7).
3
Let f(l) = -l**3 + 11*l**2 - 3*l - 2. Give f(11).
-35
Let t(q) = -q**2 + 2*q - 2. What is t(2)?
-2
Let u(t) = -t**3 - 2*t**2 + 80. Determine u(0).
80
Let h(k) = -9*k - 1. Give h(1).
-10
Let s(j) = -2*j**2 - j - 9. What is s(0)?
-9
Let z(v) = 18*v + 5. What is z(-3)?
-49
Let f(j) = j**3 - 20*j**2 - j + 6. Determine f(20).
-14
Let i(w) = -13*w + 11. What is i(3)?
-28
Let g(o) = -o**3 - 6*o**2 - 4*o + 11. What is g(-4)?
-5
Let h(i) = -8*i - 8. Determine h(0).
-8
Let w(g) = -g**2 - 34. Give w(0).
-34
Let w(b) = 2*b**3 - 2*b**2 - b + 1. What is w(2)?
7
Let c(r) = 3*r**2 + 18*r. Determine c(-6).
0
Let j(t) = -t**3 - 7*t**2 - 8*t - 14. Give j(-6).
-2
Let g(i) = i**3 + 4*i - 2. Determine g(0).
-2
Let n(r) = -2*r**2 + 11*r + 22. Give n(10).
-68
Let u(o) = 13*o - 2. Give u(7).
89
Let s(f) = 48*f - 1. Give s(-1).
-49
Let q(m) = 82*m + 2056. Give q(-25).
6
Let n(s) = -s**3 + 6*s**2 + 16*s + 5. Calculate n(8).
5
Let d(r) = -8*r - 46. Determine d(-5).
-6
Let s(a) = 6*a. Determine s(-10).
-60
Let v(k) = -k**3 - 2*k**2 - k. What is v(-3)?
12
Let i(w) = 4*w - 15. What is i(3)?
-3
Let i(n) = -16*n**2 - 1. Calculate i(-1).
-17
Let d(j) = -j. Give d(-8).
8
Let h(k) = k**2 + 10*k - 88. What is h(8)?
56
Let u(y) = y**2 - 2. Give u(-2).
2
Let f(l) = l**3 + 11*l**2 + 19*l + 6. Determine f(-9).
-3
Let u(o) = o + 46. What is u(-11)?
35
Let y(d) = 5*d - 5. Give y(-3).
-20
Let y(z) = z**3 - 8*z**2 + 5*z + 26. Determine y(8).
66
Let d(i) = i**2 + 8*i - 14. Determine d(-6).
-26
Let h(b) = -b**3 - 9*b**2 - 6*b - 8. Determine h(-8).
-24
Let l(y) = -y**3 - 4*y**2 + 6*y + 6. Give l(-4).
-18
Let h(o) = 18*o - 187. What is h(11)?
11
Let c(k) = -k**3 + 16*k**2 + 18*k - 18. Deter